h = 411. Let w = -63 - i. What is the remainder when w is divided by 25?
20
Suppose 4*p - 201 = -5*u, -3*p + u + 215 = 2*p. What is the remainder when 6/(-7) + (-73062)/(-567) is divided by p?
40
Let n = 17 - 11. Suppose 30 = 4*u - 3*k, 2*u + 4 - 18 = k. Suppose -4*b - 3*l = -1, 5*l + u = -b + 3*l. Calculate the remainder when n is divided by b.
2
Calculate the remainder when 18051 is divided by ((-1644)/2192)/((-3)/92).
19
What is the remainder when ((-1284)/428)/((-6)/740) is divided by 62?
60
Let w(q) = -14 + 6 + q**3 + 18*q**2 + 12*q + 4*q + 0*q**3. Let y be w(-17). Suppose -y*u + 0*u + 882 = 0. Calculate the remainder when u is divided by 33.
32
Suppose 5*y - 3*b - 718 = 0, 0 = 145*y - 140*y - b - 706. Let a = -5 + 41. What is the remainder when y is divided by a?
32
Let r = -49 + 69. Suppose -4*n - 65 = -5*c, 0*c - 2*c - 2*n + 26 = 0. Suppose 407 = c*p - 360. Calculate the remainder when p is divided by r.
19
Suppose -29*f - 6097 = -34691. Suppose -19*j = 10*j - f. Calculate the remainder when 45 is divided by j.
11
Let c = -18 - -54. Let o be (42/28)/(2/c). Suppose 0 = 3*v + o - 114. What is the remainder when v is divided by 10?
9
Let m = 16 + -20. Calculate the remainder when 3 + 0 + (-11 - -51) is divided by (176/m)/(2*-1).
21
Let v(r) = -r**3 - 26*r**2 - 24*r - 18. Let p(c) = -5*c - 1. Let g be p(5). Calculate the remainder when v(g) is divided by 32.
30
Let g = 9062 - 1160. What is the remainder when g is divided by 19?
17
Let w be ((-55)/(-3))/(((-1)/18)/1). Let v = w + 352. Calculate the remainder when 130 is divided by v.
20
Suppose 134*j - 131*j - 6 = 0, -j = -4*v + 17026. Calculate the remainder when v is divided by 71.
68
Let t = 33 + -11. What is the remainder when (0 - -9)*((-3)/2)/((-254)/508) is divided by t?
5
Let y = -21882 - -22129. What is the remainder when 4687 is divided by y?
241
Let s = -1127 + 1682. Suppose -5*f = -5*q - s, -5*f + 24 = -q - 551. Calculate the remainder when f is divided by 11.
6
Suppose -5438 = 38*w - 9010. Suppose 15 = 3*x, 2*f + 5*x = 6*f - 23. What is the remainder when w is divided by f?
10
Calculate the remainder when 598 is divided by (-1198)/(-16) + (29/8)/29.
73
Calculate the remainder when (-6)/15*50/(-4) + 74 is divided by 16.
15
Let i = -1 - -5. Suppose 21 = 3*c + 2*l, -4*c + 2*c + 2*l + i = 0. Suppose 5*n + 2 = 2*p - 181, -c*p = n - 498. What is the remainder when p is divided by 25?
24
Let q = -4834 - -4863. Let o(l) = -7*l**3 - 2*l + 1. Let k be o(1). Let a = 3 - k. What is the remainder when q is divided by a?
7
Calculate the remainder when (3/2)/((-42)/1036*-1) is divided by 81/4 + 3/4.
16
Suppose 0 = -5*w - 5*f + 12 + 53, 5 = f. What is the remainder when 15 is divided by (2 - 28/6)*(-18)/w?
3
What is the remainder when (-322)/(-3)*288/336 is divided by 43?
6
Let h be 31 + -27 + 5/1. Let v(i) = -2*i**2 + 18*i + 1. Let d be v(h). Calculate the remainder when 103 is divided by ((-24)/(-40))/(d/25).
13
Let q(u) = -u**3 + 38*u**2 + 165*u + 169. Let v(z) = 6*z - 1. Calculate the remainder when q(42) is divided by v(1).
3
Suppose 102*y - 103*y + 278 = 3*j, 5*j + 545 = 2*y. What is the remainder when y is divided by 200?
75
Suppose 2*v - 5*r = 192, 2*v - r + 3 = 171. Calculate the remainder when 654 is divided by v.
6
Suppose f - 53 = -3*f + q, 0 = -4*f + 3*q + 63. Calculate the remainder when (3 - 0/(-2 + -4)) + 68 is divided by f.
11
Let y(x) = x**2 - 2*x - 37. Let d be y(-7). Let k(v) = 8*v**2 - d*v - 17*v + 6 + 48*v. Calculate the remainder when k(-1) is divided by 6.
3
Calculate the remainder when (-1)/((((-3)/21)/(638/203))/24) is divided by 37.
10
Suppose 0 = 5*u - 907 + 317. Let v = -37 + u. Calculate the remainder when v is divided by 17.
13
Suppose -2*h - 9 = 1. Let t(w) = 407*w - w**2 - 114*w + 11 - 299*w. What is the remainder when 77 is divided by t(h)?
13
Let a = -1399 - -2091. Suppose 92 = -4*q + a. Calculate the remainder when q is divided by 51.
48
Suppose 32*s = -8521 + 1001. Suppose -2*x + x + 16 = 0. Calculate the remainder when (25/(-3))/(s/846) is divided by x.
14
Suppose -16*x = -899 + 227. Calculate the remainder when 230 is divided by x.
20
Suppose 36 + 168 = -2*d. Let u be d*(40/(-15))/4. Suppose -5*y + 77 = -u. What is the remainder when y is divided by 11?
7
Suppose 24*n = 39 + 9. Suppose -100 = n*i - 7*i. Calculate the remainder when i is divided by 7.
6
Let x be 5/25 + 6012/(-10). Let p = x + 760. What is the remainder when p is divided by 10?
9
Let l = 212 - 123. What is the remainder when l is divided by ((-27)/(-18))/(((-21)/90)/(-7))?
44
Let u(m) = 2*m**2 + 21*m - 235. What is the remainder when u(11) is divided by 38?
10
Suppose -17*h - 152 = -18*h. Let x = -120 + h. Calculate the remainder when x is divided by 12.
8
Let v(c) = 2*c**2 + 57*c - 19 + 80*c - 165*c + 68*c. What is the remainder when 39 is divided by v(-21)?
16
Let b = -6384 - -6426. Calculate the remainder when 2306 is divided by b.
38
Suppose 4*a - 5*h = 8, -5*a - 4*h + 15 = 5. Suppose 4*u = -q + 2*u + 308, a*q = u + 591. Calculate the remainder when q is divided by 60.
58
Let q(h) = 26*h**2 + 24*h - 38. Calculate the remainder when q(5) is divided by 215.
87
Suppose 5*q + 683 = 4*r, -3*r - 4*q + 386 + 134 = 0. Suppose -r*x = -176*x + 44. What is the remainder when 42 is divided by x?
9
Suppose 27*u = -714 + 4224. Suppose 3*m - 80 = u. What is the remainder when m is divided by 31?
8
Suppose 5*d - 46 - 25 = -3*a, -4*d = a - 26. What is the remainder when 1912 is divided by a?
20
Suppose 187*t = 183*t + 4616. What is the remainder when t is divided by 11?
10
Let l = -342 + 340. Calculate the remainder when 391 is divided by (l/18)/((-72)/324)*56.
27
Let p(s) = -18*s + 97. Let b be (-9)/(-4) + (-112)/(-64). What is the remainder when 27 is divided by p(b)?
2
Let t(v) = v**2 - v - 4. Let m(y) = -4*y**2 + 54*y - 19. Let z be m(13). What is the remainder when 47 is divided by t(z)?
9
Let x = 26793 + -26691. What is the remainder when x is divided by 39?
24
Suppose 5*h = -5*x + 720, 13*h = 15*h - 2. Calculate the remainder when x is divided by 7.
3
What is the remainder when 153/2 - (-9 + 126/12 - 1) is divided by 26?
24
Suppose -10*d + 12*d - 4 = 0. Suppose 4*r - 8 = 4*b, 8*r - 3*r - 25 = 2*b. Suppose 0 = -r*y + 10 + 11. Calculate the remainder when y is divided by d.
1
Let b(f) = -2*f**3 + 128*f**2 + 4*f + 292. Calculate the remainder when b(64) is divided by 80.
68
Suppose 325 = -8*h - 203. Let x = 49 - h. Calculate the remainder when x is divided by 15.
10
Let g(l) = -l**2 + 57*l - 151. What is the remainder when g(4) is divided by 53?
8
Let t = -18 + 170. Let k = t + -128. What is the remainder when 309 is divided by k?
21
Suppose -25 = 5*d, d + 18 = n - 6. Suppose 20*b = n*b + 8. Calculate the remainder when 54 is divided by b.
6
Let r = 303 - 308. Calculate the remainder when 153 is divided by (-69)/r - (-9)/45.
13
Suppose 134*q - 36336 = -85*q - 12246. Calculate the remainder when 163 is divided by q.
53
Suppose -b - 213 - 468 = 3*w, 4*w + 5*b = -919. Let t = w - -340. Calculate the remainder when t is divided by 25.
14
Suppose -6*a + 36 = -18*a + 13*a. Calculate the remainder when 89 is divided by a.
17
Let u be (-15)/(-10)*(-2)/(-3). Calculate the remainder when u*(-4)/(-8)*20 is divided by 2.
0
Suppose 269 = -25*o + 1194. What is the remainder when 4843 is divided by o?
33
Suppose 17654*z = 17669*z - 2985. Calculate the remainder when z is divided by 1 + 6*(-4)/(-6).
4
Let m = 33 + 3. Suppose 6*l - 138 = -m. Calculate the remainder when l is divided by 5.
2
Let d = 5549 - 5324. Calculate the remainder when d is divided by 85.
55
Suppose 153 - 33 = -4*w. Let z be (-5)/w + 1/(-6). Suppose 27 = 3*f - 3*q, z = -4*f - 2*q - 7 + 31. What is the remainder when f is divided by 3?
1
Suppose 5*a + 24 = -x + 251, 58 = a - 4*x. Suppose 44*k - a*k = -44. Let b(z) = z**3 - 21*z**2 - 21*z + 7. Calculate the remainder when b(k) is divided by 2.
1
Let t = -21 - -239. Suppose 11*l - t = 134. Suppose 0 = -5*y + 3*h + 314, 2*y - h - h = 128. What is the remainder when y is divided by l?
29
Let s be 183/((-6)/(-12) + 1). Let n = 411 - s. What is the remainder when n is divided by 59?
53
Let n = -37725 - -37907. What is the remainder when n is divided by 134?
48
Let h = 2091 - 2076. Calculate the re